ue of 34 - (-27 - -78 - 23) - (-7 + 0)?
13
Calculate (1 - 6) + 5 + (-8 - (-7 + 1)).
-2
Calculate 13 + (0 + 12 - (12 - 4)).
17
21 - (1 + (11 - 7))
16
Evaluate 1 - -7 - (18 + -46 + 26).
10
Evaluate -96 + 77 + (1 - 4 - 11).
-33
What is 10 + (-6 - 23) + 41?
22
Calculate -8 + 1 + (4 - -18).
15
Evaluate (-3 - 1) + (-1 - (-4 + 10)).
-11
-21 - (-71 + 16 + 26)
8
Calculate (3 - -31 - (-20 + 21)) + -1.
32
What is the value of (-2 - -2) + (-150 - -135)?
-15
What is 222 + -226 + (2 - (-1 - -2)) + 2?
-1
What is 6 - (-23 + 25 + -3 + 33 - 5)?
-21
What is the value of 8 + -37 - (13 - (11 + 14))?
-17
Evaluate (-10 - (6 + -13)) + (12 - -3 - 0).
12
What is the value of (3 + -2 - 2) + 3 - (-127 - -120)?
9
-9 - -27 - (14 - 10)
14
What is (20 - 16) + -15 + 4?
-7
Calculate 175 + -159 + -16 + -3.
-3
What is the value of (64 - 140) + 82 - (1 + (6 - 1))?
0
Calculate -3 + (-2 - 16) + (21 - 13).
-13
What is the value of (2 + (-14 + 5 - -14) - 3) + -20?
-16
(3 - (1 - 7)) + 0 - 4
5
What is 4 + (-5 - 3 - (0 - -25 - 10))?
-19
What is the value of 7 - (28 + -13 - 21 - 7)?
20
(15 - (0 - (-1 - (-4 + 4)))) + -2
12
Evaluate (-7 - -7) + (5 - 2) + -2 + -17.
-16
What is the value of 3 + (7 - 4) + -17?
-11
What is 15 - 28 - (0 - 20)?
7
(15 - 17) + 1 + 3 + -3 - -28
27
What is the value of -2 + 3 + -3 + 5 + 19 + -30?
-8
What is the value of -9 - (9 + (-11 - (-10 - -3)))?
-14
-7 + 61 + -32 + (4 - 0) + -9
17
What is the value of 23 + 2 - (78 - 65)?
12
What is the value of -16 + 22 - (10 - (12 + -6))?
2
Evaluate 3 - ((15 + -4 - 6) + -1 + -1).
0
Calculate -6 - ((-15 - -2) + -5 + 14 + -3).
1
What is the value of -1 + (27 - 20) - 5?
1
What is the value of 13 - (42 - 8) - -18 - (-28 - -1)?
24
-1 - -1 - (-189 - -193)
-4
What is -7 + 21 + -18 + 0?
-4
What is the value of 0 + 13 + 10 + -12 + 2?
13
What is the value of 0 + -5 - (2 - (-6 + (24 - 13)))?
-2
What is (341 - 353) + (-4 - -1) + 22?
7
What is the value of 0 - (4 - (-26 + 15)) - 9?
-24
Evaluate 5 + 3 - (-10 - 3 - (-29 - -23)).
15
Evaluate (1 - (5 - 1)) + -21 + -31 + 38.
-17
What is -9 - (-16 + (14 - (9 - 3)))?
-1
Evaluate 22 + -18 + -5 + 11 + -1.
9
Calculate -4 + 13 + -15 + 11.
5
What is the value of (-7 - 1) + -4 - -2 - 0?
-10
Calculate 0 + -1 + (26 - (9 + 3)) + 4.
17
Calculate -4 - 2 - -1 - (-2 + 2).
-5
9 + (-19 - (-4 + (-15 - -11))) + 15
13
62 - (100 - 48) - ((-2 - -1) + -8)
19
What is the value of (11 - 5) + -5 - (-18 + 12)?
7
(-8 - -7) + (4 - (4 - 2)) + 5
6
What is the value of -17 + (-48 + 25 - -33)?
-7
What is the value of 6 - (9 + 2) - (-20 + 2)?
13
What is -2 + 1 + -4 + 11 + -3 + 7?
10
What is (8 - (-1 + (8 - (-10 - -10)))) + 27?
28
What is the value of 0 + -39 - 0 - (311 - 313)?
-37
What is the value of 47 - 30 - (3 - 3)?
17
What is the value of -28 - (-14 - (-15 + 6) - 6)?
-17
What is 14 + -9 + -16 + 12?
1
(2 - 7) + 2 + (160 - 166)
-9
Calculate 9 + (7 - 10) + -1 + -9.
-4
What is -17 - (-2 - 11) - 8?
-12
(-2 - -24 - 48) + 17
-9
10 - (-20 - -2 - -36)
-8
Calculate 18 + -1 + -14 + -4 + 2 + 0.
1
Calculate -7 + 42 - (16 + 5).
14
What is -7 + 9 + -14 + -2?
-14
What is -18 - (19 + -6 - 15)?
-16
Calculate 5 - (0 - -22 - (-12 + 26 + -11)).
-14
Calculate 36 - (-4 + -4 + 24 - 3).
23
Evaluate (0 - 5) + (45 - 51).
-11
What is -7 + -7 + 30 + -17?
-1
Evaluate 28 + -31 + -2 + 3 + -5 - 2.
-9
What is -4 - -32 - (40 - (-11 - -37))?
14
What is 6 - ((-11 - -22) + -8 + -14)?
17
Calculate 3 + (-4 + -4 - 0 - -6 - 5).
-4
Evaluate 6 - (-12 + -32 + 0 + 17).
33
What is the value of -23 - (-2 - (8 + 4))?
-9
(0 + -6 - 16) + 19
-3
13 + 0 - (-292 + 298)
7
Calculate 16 - (73 + -26) - -12.
-19
Evaluate -72 - -41 - (-23 + -2).
-6
What is (-2 - (5 - (8 + -6))) + 19?
14
What is the value of -8 + 21 + -17 + 12?
8
Evaluate -2 + 2 + 0 + -1 + (184 - 172).
11
What is the value of -9 + (-1 - -9) + 10?
9
2 + (2 - (6 - 9)) - (-9 + 6)
10
Evaluate -4 - (-29 - -15) - 8.
2
What is the value of -15 + (-21 - (7 + -17) - 0)?
-26
Calculate 0 - -5 - (8 + (1 - 2) + -11).
9
Calculate 22 - (19 + (6 - -2)).
-5
What is (-1 - 0) + (66 - 71) + (-2 - -3)?
-5
What is the value of 9 + (-2 - (2 - (1 - -6) - -4))?
8
Calculate -6 + -2 + -5 - -15.
2
Evaluate 8 - (-7 + 16 + -13) - 28.
-16
-10 - (8 - 16) - -3 - 8
-7
12 + -7 + -8 + -4
-7
Evaluate (0 - -4) + -9 - -6 - (-1 + -9).
11
Evaluate (694 - 706) + 31 + -1.
18
Evaluate 4 + 0 - (-14 + 18) - 2 - -8.
6
Calculate (-109 + 109 - (-1 - -1)) + 5.
5
What is the value of (523 - 548) + 37 + 2?
14
Evaluate (-7 + 12 - (-19 - -28)) + 9 + 1.
6
What is 0 + (-6 - -15 - 1) + 13?
21
Calculate 0 - (-23 - -43 - 6).
-14
What is the value of (3 - -1) + -7 + (127 - 125)?
-1
Calculate 6 + 22 + -24 - 22.
-18
What is (-14 - (5 + -5 + -4 + 0)) + 3?
-7
What is (1 + -1 - -9) + -5 - 5 - 2?
-3
What is -18 + -8 + 44 + 15?
33
17 + -23 + 14 - (0 + -2 - 3)
13
What is (8 - (4 - 0)) + 4 - 24?
-16
What is the value of 4 + -4 + -2 + (-20 - -14)?
-8
Evaluate -3 - (8 + (24 - 26)).
-9
Calculate -7 + (-1 + -20 + (3 - -8) - -43).
26
Evaluate -17 + 25 + -23 + 3 + -1.
-13
-14 + (-4 - -14 - -2) + -8 + 1
-9
What is the value of -7 - (63 - 62 - (4 + -1))?
-5
What is the value of (1 - 2) + (3 - 17) + 16?
1
2 - (21 + -10 + -3) - (-8 - -1)
1
Calculate -3 - (4 + (-10 - (-1 + -5)) + -13).
10
Calculate 16 + -28 + 11 - -6.
5
Evaluate 5 + (4 + -9 - -14).
14
Evaluate 24 + 1 + (-2381 - -2363).
7
Calculate (6 - 2 - 1) + (178 - 159) - 3.
19
-13 + (-7 - -17) - (3 - (3 + -2))
-5
Evaluate (6 - (-8 + 45)) + 6 - -7.
-18
-10 + (3 - -22) + -7 + -8
0
Evaluate -49 + 28 + 4 - -20.
3
Calculate (-12 - -46 - 5) + (0 - 13) + 2.
18
3 - ((-11 - (-11 - -7)) + (1 - -29))
-20
Calculate (-6 - 2) + (-64 - -57) + 29.
14
19 + (-45 - (-64 - -26))
12
What is the value of -23 + (-10 - (-20 + (-5 - (-6 + 0))))?
-14
Calculate -316 - -347 - (15 + 1).
15
What is 2 + -17 + -36 + 34 + 0 + -1?
-18
What is 7 - (-9 + -5 + 20)?
1
What is 66 + -6 + -68 - (1 - -24)?
-33
What is 30 - 12 - ((-1 - 2) + (-2 - -12))?
11
What is 3 - (6 + -9) - (-4 - (-11 - 18))?
-19
-5 - (8 - 0 - 4)
-9
Calculate 4 - (3 - (-9 + -7 + 5 + 33)).
23
Evaluate -22 + 20 + 20 + -7.
11
What is -1 - 2 - (-34 - -59)?
-28
17 + (5 + 2 - 14)
10
Evaluate (1 - -15) + (17 - -13 - 34).
12
What is the value of 15 - (31 + -62 + 16)?
30
What is the value of 13 + (2 - 4) + -12?
-1
(6 + 5 - 36) + 2 + 9
-14
What is (11 - 2) + (8 - (-6 + 23)) + -6?
-6
What is the value of (28 - (32 - 34)) + -31?
-1
What is -13 + (-7 - -8) + 8?
-4
(-2 - -24) + -13 - -8
17
-16 - (2 + -7) - 0
-11
3 - (63 + -64 + 11 + -1)
-6
Calculate 4 + -10 + 1 - 18.
-23
What is the value of -4 + -6 + 45 + -21?
14
Evaluate 1 + -12 + (1 - 24 - -33).
-1
Evaluate (9 - (17 + -12 + 3)) + -9 + -2.
-10
Calculate -80 + 72 - (-15 - (-3 + 0)).
4
What is the value of 19 + 72 + -61 + (-1 - 7)?
22
What is 3 + (-4 - -4) - -2 - (-36 - -34)?
7
What is -24 - -26 - (-52 + 72 - (0 - -1))?
-17
What is (-4 + 8 - 2) + 3 + (1 - -4)?
10
Calculate 0 - -4 - (-13 + (3 - -4)).
10
What is (-1 - -9) + 9 - 14?
3
-5 + -7 - (18 - 33)
3
Evaluate -4 + 4 + 1 + 0 + 0 + -12.
-11
What is the value of (2 - ((26 - 37) + (2 - 0))) + 1?
12
What is 5 + (73 + -84 - (-1 - 3))?
-2
48 + (33 - 40) + -24
17
18 + (-38 + 25 - -7)
12
Calculate -8 - (16 + -18 - (-2 - 3)).
-11
Evaluate 9 + (-23 - (21 + -36)).
1
What is 17 + (-2 - -3) + -223 + 215?
10
10 - (9 - (-22 - -11))
-10
Evaluate -182 - -190 - (16 - -1).
-9
Calculate (-112 - -75) + (21 - -15).
-1
Calculate -8 + 5 + 6 + (0 - 8 - -25).
20
Evaluate 3 + (-193 - -200) + -2 + 1 + 0.
9
What is the value of -1 + 8 - ((1 - -1) + -81 + 101)?
-15
-6 + (-1 - -6 - -4) + (-17 - 3)
-17
-120 - -99 - (2 + -2)
-21
What is 1 + 1 - ((-11 - -6) + (3 - 0))?
4
-9 - ((10 + -15 - (1 - 5)) + 1)
-9
Calculate -29 + 40 + 1 + -8 + -15.
-11
Evaluate (-8 - 7) + 27 + -21.
-9
40 - (-8 - (-50 + 24))
22
(2 + -10 + 5 - (11 + -30)) + -6
10
Calculate 10 + 2 - 0 - 0 - 21.
-9
What is (-14 - -18) + (5 + -2 - (0 - -14))?
-7
(5 + -12 + -5 - -20) + -21 + 7
-6
4 - ((0 + -5 - 4 - 7) + 4)
16
What is the value of (-9 - 1) + 23 + -5 + -29?
-21
Calculate -33 + 2 + 19 - (0 + -28).
16
What is -130 + 112 + 1 + 4 + 5 + -8?
-16
Calculate 10 + -8 + 1 + 4 - 7.
0
What is -9 + -1 + 8 + 6 + -12?
-8
Calculate (8 - 19) + (-15 - -23).
-3
What is the value of (2 - 1) + 11 - (-9 + (-21 - -29))?
13
What is (5 - 1) + (4 - (2 - (0 + 1)))?
7
(-61 - -61) + 10 + 1 + -10
1
What is the value